5, what is -bd + -dd?
-1ab
In base 2, what is 10110111000011111010 - 0?
10110111000011111010
In base 14, what is 3 + -bab?
-ba8
In base 7, what is 1 + 334546?
334550
In base 4, what is -1321101133 - 1?
-1321101200
In base 13, what is 3 - -176?
179
In base 4, what is -2222132 + 10?
-2222122
In base 12, what is -14 - 688aa?
-68902
In base 10, what is 55168 + 5?
55173
In base 8, what is -47 + -3204?
-3253
In base 5, what is 11434 - 3441?
2443
In base 3, what is 10 - -21021000221?
21021001001
In base 16, what is 97 + ee4?
f7b
In base 3, what is 210211 - 10101?
200110
In base 10, what is 153 + 547?
700
In base 3, what is 110101122 - 1110?
110100012
In base 9, what is -455418 + -4?
-455423
In base 2, what is -10110111110100 + 100?
-10110111110000
In base 14, what is 54 + -ccc7?
-cc73
In base 13, what is 5 - 5325?
-5320
In base 16, what is -3afdd - -1?
-3afdc
In base 9, what is 2064281 - -4?
2064285
In base 3, what is -2 - 122212012121?
-122212012200
In base 14, what is 0 + -53b6?
-53b6
In base 14, what is -4029c - -1?
-4029b
In base 14, what is -32c - 15b?
-489
In base 6, what is 45 + 11500?
11545
In base 10, what is -9 + 7708?
7699
In base 7, what is -11 - -20362?
20351
In base 9, what is -447 + 14602?
14144
In base 5, what is -20304122 - -13?
-20304104
In base 12, what is -8585 + 5?
-8580
In base 5, what is 304121 - 31?
304040
In base 4, what is -1013003213 + 21?
-1013003132
In base 10, what is 13936 - 3?
13933
In base 9, what is 3 + -8412?
-8408
In base 12, what is -6 - a78ba?
-a7904
In base 5, what is -34013 - 1102?
-40120
In base 11, what is a4616 - 2?
a4614
In base 2, what is 0 - 100100000000100?
-100100000000100
In base 9, what is 5 - 2268137?
-2268132
In base 12, what is -372 + 511?
15b
In base 15, what is -2 + eb38?
eb36
In base 6, what is 454143 - 5?
454134
In base 10, what is -14 + -11956?
-11970
In base 14, what is 5a8a - 266?
5824
In base 2, what is 0 + -1001101000000?
-1001101000000
In base 3, what is 1012000222 - 222?
1012000000
In base 9, what is 1 - 330168?
-330167
In base 4, what is -32021 + 21320?
-10101
In base 13, what is -30923 - 1?
-30924
In base 11, what is -120278 - -2?
-120276
In base 5, what is 4 + -210331?
-210322
In base 13, what is 14c - -1cb?
34a
In base 9, what is 3 - 2243886?
-2243883
In base 8, what is -6 + 1441?
1433
In base 6, what is 3 + -140335?
-140332
In base 3, what is -12201220210 - -1?
-12201220202
In base 4, what is 13232101 - -11?
13232112
In base 2, what is 110100 + 10010010101?
10011001001
In base 9, what is 42835 + -5?
42830
In base 7, what is 646 - 354?
262
In base 8, what is 23633743 + -3?
23633740
In base 4, what is -103 - 1213232?
-1220001
In base 13, what is 17166 - 72?
170c4
In base 4, what is -131 + -11033?
-11230
In base 7, what is 20003 + 3?
20006
In base 3, what is 1011110 - 211020?
100020
In base 9, what is 1 - 15622?
-15621
In base 12, what is -4940 + 14?
-4928
In base 14, what is 5 - 39195a?
-391955
In base 11, what is 11a - 17?
103
In base 10, what is 2 - -20311?
20313
In base 12, what is 22708 + 0?
22708
In base 4, what is 1 + -303002?
-303001
In base 9, what is -356457 - 0?
-356457
In base 13, what is -5 + -73a5a?
-73a62
In base 9, what is -220288 + -5?
-220304
In base 16, what is dced5 + 3?
dced8
In base 13, what is 13539 - -2?
1353b
In base 2, what is 10000010011001 - -10?
10000010011011
In base 7, what is -1 - -36313?
36312
In base 6, what is 1 + -1105?
-1104
In base 12, what is -25935 + -22?
-25957
In base 10, what is 116 + -9436?
-9320
In base 2, what is -101 + -100110110?
-100111011
In base 16, what is 3e2 + 339?
71b
In base 8, what is 24 - -1156?
1202
In base 11, what is 6a + -5a1?
-532
In base 4, what is -10 + -1013322?
-1013332
In base 3, what is 12212 + 2021200?
2111112
In base 2, what is 1000110011010101011111 - -10?
1000110011010101100001
In base 6, what is -11010 + 3?
-11003
In base 5, what is 1201 - -2113?
3314
In base 4, what is 0 - 1131123?
-1131123
In base 11, what is -87359 - -9?
-87350
In base 11, what is -221358 + 0?
-221358
In base 10, what is -1010 - -135?
-875
In base 16, what is -c - -3e4?
3d8
In base 7, what is -1446634 - 5?
-1446642
In base 12, what is -a - 16a377?
-16a385
In base 13, what is -12014 + -1?
-12015
In base 10, what is 2 + -249820?
-249818
In base 12, what is -2 + -6149?
-614b
In base 9, what is 10 + -2606?
-2586
In base 10, what is 2181 - 401?
1780
In base 12, what is a80823 + 3?
a80826
In base 2, what is 1010101001 - -1001011100?
10100000101
In base 5, what is 13033 + -2130?
10403
In base 3, what is -2112021211 + -110?
-2112022021
In base 8, what is 66 - 76775?
-76707
In base 10, what is -210 + -809?
-1019
In base 9, what is -60 - -6?
-53
In base 13, what is 2433 - -10?
2443
In base 15, what is 33a5c + -5?
33a57
In base 3, what is -202220221 - 11?
-202221002
In base 5, what is -10130 + 1141?
-3434
In base 13, what is 15c92 - 0?
15c92
In base 8, what is 227276 + 3?
227301
In base 9, what is 18502 - 121?
18371
In base 6, what is -221141 + 251?
-220450
In base 15, what is -10a + 10?
-ea
In base 6, what is 102 - -254411?
254513
In base 16, what is 2ce6 + -41?
2ca5
In base 14, what is 324 - -6a?
390
In base 10, what is -299051 - 5?
-299056
In base 6, what is 20 + 21020514?
21020534
In base 14, what is -7 + 2072a?
20723
In base 16, what is 0 + -664f?
-664f
In base 5, what is 11303420 + -4?
11303411
In base 16, what is 3632f - 1?
3632e
In base 3, what is -121122 + -11220?
-210112
In base 12, what is -2 - 1079b?
-107a1
In base 4, what is 111111 + 11020?
122131
In base 11, what is -1a49 - -2?
-1a47
In base 4, what is 11013 + 10220320?
10231333
In base 13, what is -1118 - 14?
-112c
In base 7, what is -31 - -5242?
5211
In base 13, what is 1c20 + -8?
1c15
In base 8, what is 52 + 12174?
12246
In base 8, what is 10355 - 7?
10346
In base 13, what is 1439 - -30?
1469
In base 11, what is -3255 + 12?
-3243
In base 7, what is 56641 + -2?
56636
In base 9, what is -30 + -50?
-80
In base 7, what is 41213 - -44?
41260
In base 9, what is -2642133 + 0?
-2642133
In base 15, what is e0de - -17?
e106
In base 13, what is 18 - -21cc0?
22008
In base 13, what is -235 + -765?
-99a
In base 8, what is 10105 + -35?
10050
In base 4, what is 20210102 - -20?
20210122
In base 11, what is 204427 + 7?
204433
In base 9, what is -110 - -307?
187
In base 15, what is -1d - 2266b?
-22689
In base 16, what is -5 + 17ac?
17a7
In base 10, what is 69 - 132?
-63
In base 9, what is 27 - -66401?
66428
In base 4, what is -1 - -2302031?
2302030
In base 4, what is -1 - 300213?
-300220
In base 11, what is -5 - 33?
-38
In base 10, what is 33 - 21597?
-21564
In base 2, what is 110000010100 - 10010010?
101110000010
In base 6, what is 4243253 + -4?
4243245
In base 2, what is -1 + -10000010000100?
-10000010000101
In base 12, what is -30 + 366?
336
In base 9, what is 33 + -4008?
-3865
In base 9, what is 18 - 5576?
-5557
In base 7, what is 346520 + 22?
346542
In base 11, what is -223 + 2283?
2060
In base 3, what is 11200 + -2010000?
-1221100
In base 4, what is 32312 + -3212?
23100
In base 15, what is 125ed3 - 0?
125ed3
In base 16, what is -1673 - 1?
-1674
In base 10, what is -132 + -1920?
-2052
In base 2, what is 100011000001100 + -10100101?
100010101100111
In base 12, what is 2b05 - -163?
3068
In base 7, what is 2606 + 15?
2624
In base 9, what is -33 + 113?
70
In base 2, what is 1100010110 - -110011000?
10010101110
In base 13, what is 1c + -5695?
-5676
In base 8, what is -12 - -10466?
10454
In base 11, what is -33 + -829?
-861
In base 6, what is 1134 - 430?
304
In base 7, what is 0 - -515103?
515103
In base 15, what is 3d3d - 6?
3d37
In base 11, what is 2093 + 30?
2113
In base 16, what is d1dd + -e?
d1cf
In base 5, what is -124 - 21203?
-21332
In base 10, what is -409 + 3100?
2691
In base 4, what is -1 - 1303123?
-1303130
In base 12, what is a2682 - -7?
a2689
In base 10, what is 8220 + -79?
8141
In base 15, what is -3 - -15a561?
15a55d
In base 5, what is 34 - -20230104?
20230143
In base 3, what is -2 - -102001100121?
102001100112
In base 14, what is 1 + -d58?
-d57
In base 6, what is 3511 + 535?
4450
In base 13, what is -4 - -3769?
3765
In base 9, what is -233 + 14180?
13846
In base 16, what is 4d9 + -1e5?
2f4
In base 16, what is -7f3 + 1?
-7f2
In base 11, what is -165 - -10a4?
a3a
In base 5, what is 3 - -